{"id":1663,"date":"2022-04-29T22:38:41","date_gmt":"2022-04-29T20:38:41","guid":{"rendered":"http:\/\/www.guardian-paws.de\/?page_id=1663"},"modified":"2022-05-02T22:59:56","modified_gmt":"2022-05-02T20:59:56","slug":"woche-7","status":"publish","type":"page","link":"https:\/\/www.guardian-paws.de\/?page_id=1663","title":{"rendered":"Woche 7"},"content":{"rendered":"<p style=\"text-align: center;\"><em><strong>Unsere 5 Cr\u00fcmmel begr\u00fc\u00dfen euch, die 7. Lebenswoche hat begonnen und die ersten haben ihr Gewicht verzehnfacht<\/strong><\/em><\/p>\n<p style=\"text-align: center;\"><a href=\"http:\/\/www.guardian-paws.de\/wp-content\/uploads\/2022\/04\/trim.17515A4C-A99C-47C3-9644-682FBE1FA7B6.mov\">trim.17515A4C-A99C-47C3-9644-682FBE1FA7B6<\/a><\/p>\n<p style=\"text-align: left;\"><a href=\"http:\/\/www.guardian-paws.de\/wp-content\/uploads\/2022\/04\/C790CDB1-5263-40BB-82CC-02AEA0167EFA.jpeg\"><img decoding=\"async\" loading=\"lazy\" class=\" wp-image-1665 alignleft\" alt=\"C790CDB1-5263-40BB-82CC-02AEA0167EFA\" src=\"http:\/\/www.guardian-paws.de\/wp-content\/uploads\/2022\/04\/C790CDB1-5263-40BB-82CC-02AEA0167EFA-225x300.jpeg\" width=\"158\" height=\"210\" srcset=\"https:\/\/www.guardian-paws.de\/wp-content\/uploads\/2022\/04\/C790CDB1-5263-40BB-82CC-02AEA0167EFA-225x300.jpeg 225w, https:\/\/www.guardian-paws.de\/wp-content\/uploads\/2022\/04\/C790CDB1-5263-40BB-82CC-02AEA0167EFA.jpeg 768w\" sizes=\"(max-width: 158px) 100vw, 158px\" \/><\/a>\u00a0Zu Beginn der 7. Woche sind wir mit den Welpen eingeladen worden. Wir fuhren das zweite mal zu Freunden in den Nachbarort. Dort k\u00f6nnen die Cr\u00fcmmel sich im Garten austoben, mit den Kindern spielen und diesmal kam schon etwas Leinentraining dazu. Wir animieren die Kleinen durch Leckerchen und Freude mit uns an der Leine zu laufen. Die Jungs haben ihre Aufgabe gro\u00dfartig erledigt, nur ChaCha war dann doch ganz die Mama und hat sich lieber hingesetzt<\/p>\n<p style=\"text-align: left;\">Nach dem Leinentraining sind wir mit den Cr\u00fcmmeln wieder in den Garten\u00a0zur\u00fcckgekehrt und die Kleinen konnten sich erstmal ausruhen. Dabei wurden sie ordentlich von Mama Brownie und Tante Blaub\u00e4r geputzt.\u00a0<a href=\"http:\/\/www.guardian-paws.de\/wp-content\/uploads\/2022\/04\/trim.126573F3-4939-49A4-AAC0-58179AC6EB26.mov\">trim.126573F3-4939-49A4-AAC0-58179AC6EB26<\/a><\/p>\n<p style=\"text-align: center;\">Kleine Impressionen aus dem heimischen Garten<\/p>\n<p style=\"text-align: center;\"><a href=\"http:\/\/www.guardian-paws.de\/wp-content\/uploads\/2022\/04\/trim.353A4462-F49B-44EF-9469-42B2A4E94DFE.mov\">trim.353A4462-F49B-44EF-9469-42B2A4E94DFE<\/a><\/p>\n<p><a href=\"http:\/\/www.guardian-paws.de\/wp-content\/uploads\/2022\/04\/CDA2EF22-ED93-4F44-A21D-6ACAA557D780.jpeg\"><img decoding=\"async\" loading=\"lazy\" class=\"alignnone  wp-image-1673\" alt=\"CDA2EF22-ED93-4F44-A21D-6ACAA557D780\" src=\"http:\/\/www.guardian-paws.de\/wp-content\/uploads\/2022\/04\/CDA2EF22-ED93-4F44-A21D-6ACAA557D780-300x225.jpeg\" width=\"210\" height=\"158\" srcset=\"https:\/\/www.guardian-paws.de\/wp-content\/uploads\/2022\/04\/CDA2EF22-ED93-4F44-A21D-6ACAA557D780-300x225.jpeg 300w, https:\/\/www.guardian-paws.de\/wp-content\/uploads\/2022\/04\/CDA2EF22-ED93-4F44-A21D-6ACAA557D780-1024x768.jpeg 1024w\" sizes=\"(max-width: 210px) 100vw, 210px\" \/><\/a>\u00a0<a href=\"http:\/\/www.guardian-paws.de\/wp-content\/uploads\/2022\/04\/CF1E3046-3B72-4102-B8F7-3C85868DD407.jpeg\"><img decoding=\"async\" loading=\"lazy\" class=\"alignnone  wp-image-1674\" alt=\"CF1E3046-3B72-4102-B8F7-3C85868DD407\" src=\"http:\/\/www.guardian-paws.de\/wp-content\/uploads\/2022\/04\/CF1E3046-3B72-4102-B8F7-3C85868DD407-300x225.jpeg\" width=\"210\" height=\"158\" srcset=\"https:\/\/www.guardian-paws.de\/wp-content\/uploads\/2022\/04\/CF1E3046-3B72-4102-B8F7-3C85868DD407-300x225.jpeg 300w, https:\/\/www.guardian-paws.de\/wp-content\/uploads\/2022\/04\/CF1E3046-3B72-4102-B8F7-3C85868DD407-1024x768.jpeg 1024w\" sizes=\"(max-width: 210px) 100vw, 210px\" \/><br \/>\n<\/a><\/p>\n<p style=\"text-align: center;\"><a href=\"http:\/\/www.guardian-paws.de\/wp-content\/uploads\/2022\/04\/trim.5D963BEA-6457-4A40-994F-3BD35A9972B0.mov\">trim.5D963BEA-6457-4A40-994F-3BD35A9972B0<\/a><\/p>\n<p><a href=\"http:\/\/www.guardian-paws.de\/wp-content\/uploads\/2022\/04\/A593DB7F-AE39-4829-A735-79742CCE1FEB.jpeg\"><img decoding=\"async\" loading=\"lazy\" class=\"alignnone  wp-image-1677\" alt=\"A593DB7F-AE39-4829-A735-79742CCE1FEB\" src=\"http:\/\/www.guardian-paws.de\/wp-content\/uploads\/2022\/04\/A593DB7F-AE39-4829-A735-79742CCE1FEB-300x225.jpeg\" width=\"210\" height=\"158\" srcset=\"https:\/\/www.guardian-paws.de\/wp-content\/uploads\/2022\/04\/A593DB7F-AE39-4829-A735-79742CCE1FEB-300x225.jpeg 300w, https:\/\/www.guardian-paws.de\/wp-content\/uploads\/2022\/04\/A593DB7F-AE39-4829-A735-79742CCE1FEB-1024x768.jpeg 1024w\" sizes=\"(max-width: 210px) 100vw, 210px\" \/><\/a>\u00a0<a href=\"http:\/\/www.guardian-paws.de\/wp-content\/uploads\/2022\/04\/E701B5EA-62AA-4FA4-88D5-ECDC47F4F8CE.jpeg\"><img decoding=\"async\" loading=\"lazy\" class=\"alignnone  wp-image-1678\" alt=\"E701B5EA-62AA-4FA4-88D5-ECDC47F4F8CE\" src=\"http:\/\/www.guardian-paws.de\/wp-content\/uploads\/2022\/04\/E701B5EA-62AA-4FA4-88D5-ECDC47F4F8CE-300x225.jpeg\" width=\"225\" height=\"300\" \/><br \/>\n<\/a><\/p>\n<p style=\"text-align: center;\">\u00a0<a href=\"http:\/\/www.guardian-paws.de\/wp-content\/uploads\/2022\/04\/trim.A0CA3204-C097-4238-84BB-589D37961A34.mov\">trim.A0CA3204-C097-4238-84BB-589D37961A34<\/a><\/p>\n<p style=\"text-align: center;\"><a href=\"http:\/\/www.guardian-paws.de\/wp-content\/uploads\/2022\/04\/trim.FBBE403D-4DAE-4949-B8A3-E573AC391113.mov\">trim.FBBE403D-4DAE-4949-B8A3-E573AC391113<\/a><\/p>\n<p style=\"text-align: left;\"><a href=\"http:\/\/www.guardian-paws.de\/wp-content\/uploads\/2022\/04\/EDA80A02-7342-47AD-B9B1-CEF561807400.jpeg\"><img decoding=\"async\" loading=\"lazy\" class=\"alignnone  wp-image-1682\" alt=\"EDA80A02-7342-47AD-B9B1-CEF561807400\" src=\"http:\/\/www.guardian-paws.de\/wp-content\/uploads\/2022\/04\/EDA80A02-7342-47AD-B9B1-CEF561807400-300x225.jpeg\" width=\"210\" height=\"158\" srcset=\"https:\/\/www.guardian-paws.de\/wp-content\/uploads\/2022\/04\/EDA80A02-7342-47AD-B9B1-CEF561807400-300x225.jpeg 300w, https:\/\/www.guardian-paws.de\/wp-content\/uploads\/2022\/04\/EDA80A02-7342-47AD-B9B1-CEF561807400-1024x768.jpeg 1024w\" sizes=\"(max-width: 210px) 100vw, 210px\" \/><\/a>\u00a0<a href=\"http:\/\/www.guardian-paws.de\/wp-content\/uploads\/2022\/04\/A7E00066-3103-47F9-96E3-2FB75DA9EEC3.jpeg\"><img decoding=\"async\" loading=\"lazy\" class=\"alignnone  wp-image-1683\" alt=\"A7E00066-3103-47F9-96E3-2FB75DA9EEC3\" src=\"http:\/\/www.guardian-paws.de\/wp-content\/uploads\/2022\/04\/A7E00066-3103-47F9-96E3-2FB75DA9EEC3-300x247.jpeg\" width=\"210\" height=\"173\" srcset=\"https:\/\/www.guardian-paws.de\/wp-content\/uploads\/2022\/04\/A7E00066-3103-47F9-96E3-2FB75DA9EEC3-300x247.jpeg 300w, https:\/\/www.guardian-paws.de\/wp-content\/uploads\/2022\/04\/A7E00066-3103-47F9-96E3-2FB75DA9EEC3-1024x845.jpeg 1024w\" sizes=\"(max-width: 210px) 100vw, 210px\" \/><br \/>\n<\/a><\/p>\n<p style=\"text-align: center;\">Die 7.Lebenswoche der Cr\u00fcmmel im Schokomantel neigt sich dem Ende. Tante Blaub\u00e4r konnte es sich nicht nehmen lassen der Erziehung noch das Topping drauf zu setzten.<br \/>\nSo lernen die Welpen den respektvollen Umgang mit den \u00e4lteren H\u00fcndinnen im Rudel<\/p>\n<p style=\"text-align: center;\"><a href=\"http:\/\/www.guardian-paws.de\/wp-content\/uploads\/2022\/04\/trim.506B393F-AF26-4484-973C-B0AE1C34E3FF.mov\">trim.506B393F-AF26-4484-973C-B0AE1C34E3FF<\/a><\/p>\n<p style=\"text-align: center;\"><a href=\"http:\/\/www.guardian-paws.de\/wp-content\/uploads\/2022\/04\/trim.8BB734EE-9DD8-45A2-AC02-0641DF5297DC.mov\">trim.8BB734EE-9DD8-45A2-AC02-0641DF5297DC<\/a><\/p>\n<p style=\"text-align: center;\"><a href=\"http:\/\/www.guardian-paws.de\/wp-content\/uploads\/2022\/04\/trim.D97D2E24-9735-4726-B493-3ABCE1EE9871.mov\">trim.D97D2E24-9735-4726-B493-3ABCE1EE9871<\/a><\/p>\n<p style=\"text-align: left;\"><a href=\"http:\/\/www.guardian-paws.de\/wp-content\/uploads\/2022\/04\/BF6F0D85-4FB5-4D37-9061-59D10F0154CF.jpeg\"><img decoding=\"async\" loading=\"lazy\" class=\"alignnone  wp-image-1715\" alt=\"BF6F0D85-4FB5-4D37-9061-59D10F0154CF\" src=\"http:\/\/www.guardian-paws.de\/wp-content\/uploads\/2022\/04\/BF6F0D85-4FB5-4D37-9061-59D10F0154CF-300x225.jpeg\" width=\"210\" height=\"158\" srcset=\"https:\/\/www.guardian-paws.de\/wp-content\/uploads\/2022\/04\/BF6F0D85-4FB5-4D37-9061-59D10F0154CF-300x225.jpeg 300w, https:\/\/www.guardian-paws.de\/wp-content\/uploads\/2022\/04\/BF6F0D85-4FB5-4D37-9061-59D10F0154CF-1024x768.jpeg 1024w\" sizes=\"(max-width: 210px) 100vw, 210px\" \/><\/a>\u00a0<a href=\"http:\/\/www.guardian-paws.de\/wp-content\/uploads\/2022\/04\/F54393F9-BCF2-4884-8EBF-9798C74113BC.jpeg\"><img decoding=\"async\" loading=\"lazy\" class=\"alignnone  wp-image-1716\" alt=\"F54393F9-BCF2-4884-8EBF-9798C74113BC\" src=\"http:\/\/www.guardian-paws.de\/wp-content\/uploads\/2022\/04\/F54393F9-BCF2-4884-8EBF-9798C74113BC-300x168.jpeg\" width=\"210\" height=\"118\" srcset=\"https:\/\/www.guardian-paws.de\/wp-content\/uploads\/2022\/04\/F54393F9-BCF2-4884-8EBF-9798C74113BC-300x168.jpeg 300w, https:\/\/www.guardian-paws.de\/wp-content\/uploads\/2022\/04\/F54393F9-BCF2-4884-8EBF-9798C74113BC-1024x576.jpeg 1024w\" sizes=\"(max-width: 210px) 100vw, 210px\" \/><br \/>\n<\/a><\/p>\n<p style=\"text-align: center;\">Spielen, toben und erkunden sind anstrengend und so freute sich die 5 \u00fcber ihr Abendbrot<\/p>\n<p style=\"text-align: center;\"><a href=\"http:\/\/www.guardian-paws.de\/wp-content\/uploads\/2022\/04\/395B7361-3BDD-4B61-96DA-F3C7745D0971.jpeg\"><img decoding=\"async\" loading=\"lazy\" class=\"alignnone size-medium wp-image-1718\" alt=\"395B7361-3BDD-4B61-96DA-F3C7745D0971\" src=\"http:\/\/www.guardian-paws.de\/wp-content\/uploads\/2022\/04\/395B7361-3BDD-4B61-96DA-F3C7745D0971-300x224.jpeg\" width=\"300\" height=\"224\" srcset=\"https:\/\/www.guardian-paws.de\/wp-content\/uploads\/2022\/04\/395B7361-3BDD-4B61-96DA-F3C7745D0971-300x224.jpeg 300w, https:\/\/www.guardian-paws.de\/wp-content\/uploads\/2022\/04\/395B7361-3BDD-4B61-96DA-F3C7745D0971-1024x766.jpeg 1024w, https:\/\/www.guardian-paws.de\/wp-content\/uploads\/2022\/04\/395B7361-3BDD-4B61-96DA-F3C7745D0971.jpeg 1600w\" sizes=\"(max-width: 300px) 100vw, 300px\" \/><\/a><\/p>\n<p style=\"text-align: center;\">Unsere Welpen gehen vor dem Schlafengehen bei uns auch \u201eBubu\u201c genannt, nochmal in den Garten. Dort k\u00f6nnen sie nochmal spielen und auf die Toilette gehen.<\/p>\n<p style=\"text-align: center;\">Die kleinen Cr\u00fcmmel w\u00fcnschen euch eine gute Nacht<\/p>\n<p style=\"text-align: center;\"><em><a href=\"http:\/\/www.guardian-paws.de\/wp-content\/uploads\/2022\/04\/trim.ED154585-7583-47CF-8383-5A031ADBEBC9.mov\">trim.ED154585-7583-47CF-8383-5A031ADBEBC9<\/a><\/em><\/p>\n","protected":false},"excerpt":{"rendered":"<p>Unsere 5 Cr\u00fcmmel begr\u00fc\u00dfen euch, die 7. Lebenswoche hat begonnen und die ersten haben ihr Gewicht verzehnfacht trim.17515A4C-A99C-47C3-9644-682FBE1FA7B6 \u00a0Zu Beginn der 7. Woche sind wir mit den Welpen eingeladen worden. Wir fuhren das zweite mal zu Freunden in den Nachbarort. Dort k\u00f6nnen die Cr\u00fcmmel sich im Garten austoben, mit den Kindern spielen und diesmal kam [&hellip;]<\/p>\n","protected":false},"author":1,"featured_media":0,"parent":0,"menu_order":0,"comment_status":"open","ping_status":"open","template":"","meta":[],"_links":{"self":[{"href":"https:\/\/www.guardian-paws.de\/index.php?rest_route=\/wp\/v2\/pages\/1663"}],"collection":[{"href":"https:\/\/www.guardian-paws.de\/index.php?rest_route=\/wp\/v2\/pages"}],"about":[{"href":"https:\/\/www.guardian-paws.de\/index.php?rest_route=\/wp\/v2\/types\/page"}],"author":[{"embeddable":true,"href":"https:\/\/www.guardian-paws.de\/index.php?rest_route=\/wp\/v2\/users\/1"}],"replies":[{"embeddable":true,"href":"https:\/\/www.guardian-paws.de\/index.php?rest_route=%2Fwp%2Fv2%2Fcomments&post=1663"}],"version-history":[{"count":9,"href":"https:\/\/www.guardian-paws.de\/index.php?rest_route=\/wp\/v2\/pages\/1663\/revisions"}],"predecessor-version":[{"id":1719,"href":"https:\/\/www.guardian-paws.de\/index.php?rest_route=\/wp\/v2\/pages\/1663\/revisions\/1719"}],"wp:attachment":[{"href":"https:\/\/www.guardian-paws.de\/index.php?rest_route=%2Fwp%2Fv2%2Fmedia&parent=1663"}],"curies":[{"name":"wp","href":"https:\/\/api.w.org\/{rel}","templated":true}]}}