{"id":1249,"date":"2022-02-24T16:32:28","date_gmt":"2022-02-24T14:32:28","guid":{"rendered":"http:\/\/www.guardian-paws.de\/?page_id=1249"},"modified":"2022-02-25T15:31:08","modified_gmt":"2022-02-25T13:31:08","slug":"zuchtrueden","status":"publish","type":"page","link":"https:\/\/www.guardian-paws.de\/?page_id=1249","title":{"rendered":"Zuchtr\u00fcden"},"content":{"rendered":"<p>Hallo ihr Lieben,<\/p>\n<p>hier stellen wir euch gerne unseren Jungen aus unserer Nachzucht vor.<br \/>\nZuchtr\u00fcden aus unserer Zucht Leben in einer eigenen Familie. Bei Interesse wird gerne der Kontakt hergestellt.<\/p>\n<p><strong>Bagira of the Guardian Paws geb. 27.03.2018<\/strong><\/p>\n<div style=\"width: 310px\" class=\"wp-caption alignnone\"><a href=\"http:\/\/www.guardian-paws.de\/wp-content\/uploads\/2022\/02\/D21137F7-70B7-416D-8CC3-73CAE8BAEE29.jpeg\"><img decoding=\"async\" loading=\"lazy\" alt=\"D21137F7-70B7-416D-8CC3-73CAE8BAEE29\" src=\"http:\/\/www.guardian-paws.de\/wp-content\/uploads\/2022\/02\/D21137F7-70B7-416D-8CC3-73CAE8BAEE29-300x200.jpeg\" width=\"300\" height=\"200\" \/><\/a><p class=\"wp-caption-text\">HD:A1, ED-ODC: frei, CEA N\/N (genetisch kein Tr\u00e4ger), PRA prcd N\/N (genetisch kein Tr\u00e4ger), Hablotyp: 1\/2, DNA- Profil<\/p><\/div>\n<p>&nbsp;<\/p>\n<p><a href=\"http:\/\/www.guardian-paws.de\/wp-content\/uploads\/2022\/02\/B12BCFDB-BC5D-4C6B-844B-54074771D09C.jpeg\"><img decoding=\"async\" loading=\"lazy\" class=\" wp-image-1307 alignleft\" alt=\"B12BCFDB-BC5D-4C6B-844B-54074771D09C\" src=\"http:\/\/www.guardian-paws.de\/wp-content\/uploads\/2022\/02\/B12BCFDB-BC5D-4C6B-844B-54074771D09C-300x300.jpeg\" width=\"210\" height=\"210\" srcset=\"https:\/\/www.guardian-paws.de\/wp-content\/uploads\/2022\/02\/B12BCFDB-BC5D-4C6B-844B-54074771D09C-300x300.jpeg 300w, https:\/\/www.guardian-paws.de\/wp-content\/uploads\/2022\/02\/B12BCFDB-BC5D-4C6B-844B-54074771D09C-150x150.jpeg 150w, https:\/\/www.guardian-paws.de\/wp-content\/uploads\/2022\/02\/B12BCFDB-BC5D-4C6B-844B-54074771D09C-1024x1024.jpeg 1024w, https:\/\/www.guardian-paws.de\/wp-content\/uploads\/2022\/02\/B12BCFDB-BC5D-4C6B-844B-54074771D09C.jpeg 1372w\" sizes=\"(max-width: 210px) 100vw, 210px\" \/><\/a><br \/>\nBagira\u00a0of the Guardian Paws (gen. Bagira) ist ein\u00a0schwarzer\/wei\u00dfer R\u00fcde mit stark ausgepr\u00e4gtem Pigment. Er hat Freude an der Bewegung und zeigt ein aufgeschlossenes \u00a0und freundliches Sozialverhalten gegen\u00fcber\u00a0Erwachsenen, Kindern und\u00a0Artgenossen. Seine ausgeglichene\u00a0Art stellt\u00a0er\u00a0auch\u00a0gerne im Umgang mit R\u00fcden und Kastraten\u00a0unter Beweis.\u00a0Bagira ist ein gestandener R\u00fcde,\u00a0der gerne die Freuden des Lebens genie\u00dft. Er ist f\u00fcr jeden\u00a0\u201eQuatsch\u201c\u00a0zu haben\u00a0und\u00a0freut sich \u00fcber gemeinsame Arbeiten\u00a0wie z.B.\u00a0Longieren, Trick Dog und\u00a0Suchspiele. \u00a0<a href=\"http:\/\/www.guardian-paws.de\/wp-content\/uploads\/2022\/02\/1E6808D9-E229-4754-8018-38134F4FCEA6.jpeg\"><img decoding=\"async\" loading=\"lazy\" class=\" wp-image-1305 alignright\" alt=\"1E6808D9-E229-4754-8018-38134F4FCEA6\" src=\"http:\/\/www.guardian-paws.de\/wp-content\/uploads\/2022\/02\/1E6808D9-E229-4754-8018-38134F4FCEA6-300x300.jpeg\" width=\"210\" height=\"210\" srcset=\"https:\/\/www.guardian-paws.de\/wp-content\/uploads\/2022\/02\/1E6808D9-E229-4754-8018-38134F4FCEA6-300x300.jpeg 300w, https:\/\/www.guardian-paws.de\/wp-content\/uploads\/2022\/02\/1E6808D9-E229-4754-8018-38134F4FCEA6-150x150.jpeg 150w, https:\/\/www.guardian-paws.de\/wp-content\/uploads\/2022\/02\/1E6808D9-E229-4754-8018-38134F4FCEA6-1024x1024.jpeg 1024w, https:\/\/www.guardian-paws.de\/wp-content\/uploads\/2022\/02\/1E6808D9-E229-4754-8018-38134F4FCEA6.jpeg 1372w\" sizes=\"(max-width: 210px) 100vw, 210px\" \/><\/a>\u00a0 \u00a0 \u00a0 \u00a0 \u00a0 \u00a0 \u00a0 \u00a0 \u00a0 \u00a0 \u00a0 \u00a0 \u00a0 \u00a0 \u00a0 \u00a0 \u00a0Er genie\u00dft die gemeinsame Zeit\u00a0ob im Trubel der Stadt oder drau\u00dfen in der Natur. Auch bei Unwetter und Gefahr ist er \u00a0unerschrocken\u00a0und pr\u00e4sent. Bagira durfte seine Veranlagung als H\u00fctehund an Schafen beweisen. Er zeigte sich interessiert, konzentriert und ausdauernd. \u00a0Trotz\u00a0dieser Erfahrung hat sich sein positives und leises Wesen im Alltag nicht ver\u00e4ndert.\u00a0Dies alles macht\u00a0ihn zu einem treuen\u00a0Begleiter und\u00a0Freund<\/p>\n<p>&nbsp;<\/p>\n<div style=\"width: 161px\" class=\"wp-caption aligncenter\"><a href=\"http:\/\/www.guardian-paws.de\/wp-content\/uploads\/2013\/10\/C54705DC-166E-40D9-8FAB-AD3A90829A41.jpeg\"><img decoding=\"async\" loading=\"lazy\" class=\" \" alt=\"C54705DC-166E-40D9-8FAB-AD3A90829A41\" src=\"http:\/\/www.guardian-paws.de\/wp-content\/uploads\/2013\/10\/C54705DC-166E-40D9-8FAB-AD3A90829A41-235x300.jpeg\" width=\"151\" height=\"193\" \/><\/a><p class=\"wp-caption-text\">Ahnentafel IK(0,00%), AVK(100,00%)<\/p><\/div>\n<p>&nbsp;<\/p>\n<p>&nbsp;<\/p>\n<p>&nbsp;<\/p>\n<p>&nbsp;<\/p>\n","protected":false},"excerpt":{"rendered":"<p>Hallo ihr Lieben, hier stellen wir euch gerne unseren Jungen aus unserer Nachzucht vor. Zuchtr\u00fcden aus unserer Zucht Leben in einer eigenen Familie. Bei Interesse wird gerne der Kontakt hergestellt. Bagira of the Guardian Paws geb. 27.03.2018 &nbsp; Bagira\u00a0of the Guardian Paws (gen. Bagira) ist ein\u00a0schwarzer\/wei\u00dfer R\u00fcde mit stark ausgepr\u00e4gtem Pigment. Er hat Freude an [&hellip;]<\/p>\n","protected":false},"author":1,"featured_media":0,"parent":0,"menu_order":0,"comment_status":"open","ping_status":"open","template":"","meta":[],"_links":{"self":[{"href":"https:\/\/www.guardian-paws.de\/index.php?rest_route=\/wp\/v2\/pages\/1249"}],"collection":[{"href":"https:\/\/www.guardian-paws.de\/index.php?rest_route=\/wp\/v2\/pages"}],"about":[{"href":"https:\/\/www.guardian-paws.de\/index.php?rest_route=\/wp\/v2\/types\/page"}],"author":[{"embeddable":true,"href":"https:\/\/www.guardian-paws.de\/index.php?rest_route=\/wp\/v2\/users\/1"}],"replies":[{"embeddable":true,"href":"https:\/\/www.guardian-paws.de\/index.php?rest_route=%2Fwp%2Fv2%2Fcomments&post=1249"}],"version-history":[{"count":13,"href":"https:\/\/www.guardian-paws.de\/index.php?rest_route=\/wp\/v2\/pages\/1249\/revisions"}],"predecessor-version":[{"id":1312,"href":"https:\/\/www.guardian-paws.de\/index.php?rest_route=\/wp\/v2\/pages\/1249\/revisions\/1312"}],"wp:attachment":[{"href":"https:\/\/www.guardian-paws.de\/index.php?rest_route=%2Fwp%2Fv2%2Fmedia&parent=1249"}],"curies":[{"name":"wp","href":"https:\/\/api.w.org\/{rel}","templated":true}]}}